{"id":15,"date":"2021-07-01T11:06:07","date_gmt":"2021-07-01T11:06:07","guid":{"rendered":"http:\/\/solidariedarte.pt\/?page_id=15"},"modified":"2021-07-01T11:06:07","modified_gmt":"2021-07-01T11:06:07","slug":"associacao","status":"publish","type":"page","link":"https:\/\/solidariedarte.pt\/","title":{"rendered":"Associa\u00e7\u00e3o"},"content":{"rendered":"\n<p><strong>Quem somos?<\/strong><\/p>\n\n\n\n<p>A Solidaried\u2019Arte \u00e9 uma Associa\u00e7\u00e3o que surge numa zona de intercep\u00e7\u00e3o de duas realidades a Arte e a Cultura e a Integra\u00e7\u00e3o\/Inser\u00e7\u00e3o Social.<\/p>\n\n\n\n<p>Pretendemos, por um lado, aproximar a Arte e a Cultura a p\u00fablicos desfavorecidos e em situa\u00e7\u00e3o de exclus\u00e3o ou quase exclus\u00e3o e, por outro lado, trazer o mesmo p\u00fablico \u00e0 Arte e Cultura, quer seja no papel de espectador, \u201cespect-actor\u201d ou produtor de Arte e Cultura, operando desta forma mudan\u00e7as sociais do publico alvo e fazendo deste agente activo da sua pr\u00f3pria mudan\u00e7a e um factor multiplicador da ac\u00e7\u00e3o.<\/p>\n\n\n\n<p><strong>Vis\u00e3o<\/strong><\/p>\n\n\n\n<p>A Solidaried\u2019Arte tem a sua ac\u00e7\u00e3o alicer\u00e7ada no princ\u00edpio da Solidariedade (Lei n\u00ba4\/2007 de 16 de Janeiro) que, para n\u00f3s, se torna no seguinte conceito : \u201cresponsabilidade colectiva das pessoas entre si, concretizando-se atrav\u00e9s da transfer\u00eancia de recursos entre os cidad\u00e3os de forma a permitir a todos uma efectiva igualdade de oportunidades.\u201d<\/p>\n\n\n\n<p>Acreditamos que a nossa ac\u00e7\u00e3o se deve desenvolver visando a promo\u00e7\u00e3o de actividades Art\u00edsticas e Culturais que concorram para a aquisi\u00e7\u00e3o e desenvolvimento de aptid\u00f5es que possibilitem a todos e a todas oportunidades de inclus\u00e3o, inser\u00e7\u00e3o e integra\u00e7\u00e3o, numa l\u00f3gica de \u201cSolidariedade bi-direccional\u201d que se resume numa pr\u00e1tica de \u201cdoa\u00e7\u00e3o rec\u00edproca\u201d ou seja a Solidaried\u2019Arte adopta na sua filosofia de actua\u00e7\u00e3o e\/ou no quadro dos seus princ\u00edpios ideol\u00f3gicos o pressuposto de que qualquer ac\u00e7\u00e3o destinada ao seu p\u00fablico alvo, demais utentes e\/ou parceiros deve implicar um compromisso em que ambas as partes, dentro das suas possibilidades e\/ou capacidades, assumam a permuta de algo.<\/p>\n\n\n\n<p><strong>Miss\u00e3o<\/strong><\/p>\n\n\n\n<p>A Solidaried\u2019Arte est\u00e1 vocacionada para atrav\u00e9s da Arte e Cultura, promover e participar activamente nos processos de inclus\u00e3o, integra\u00e7\u00e3o\/inser\u00e7\u00e3o dos diversos p\u00fablicos alvo (jovens, adultos e idosos).<\/p>\n\n\n\n<p>A nossa miss\u00e3o \u00e9, com base no princ\u00edpio da Solidariedade (\u201cSolidariedade Bi-direccional \u201c), promover espa\u00e7os de desenvolvimento de actividades culturais e art\u00edsticas que possam contribuir para o desenvolvimento dos processos de crescimento, integra\u00e7\u00e3o\/inser\u00e7\u00e3o dos indiv\u00edduos e da comunidade (<em>empowerment<\/em>&nbsp;individual e comunit\u00e1rio).<\/p>\n\n\n\n<p>Como forma de operacionalizar os objectivos da nossa miss\u00e3o, foi criado o Centro de Arte e Cultura para a Inser\u00e7\u00e3o , o Grupo de Teatro \u201cEt Cena\u201d e um N\u00facleo de Forma\u00e7\u00e3o, podendo-se vir a criar outras estruturas que ir\u00e3o surgir naturalmente de acordo com as necessidades e os novos desafios.<\/p>\n","protected":false},"excerpt":{"rendered":"<p>Quem somos? A Solidaried\u2019Arte \u00e9 uma Associa\u00e7\u00e3o que surge numa zona de intercep\u00e7\u00e3o de duas realidades a Arte e a Cultura e a Integra\u00e7\u00e3o\/Inser\u00e7\u00e3o Social. Pretendemos, por um lado, aproximar a Arte e a Cultura a p\u00fablicos desfavorecidos e em situa\u00e7\u00e3o de exclus\u00e3o ou quase exclus\u00e3o e, por outro lado, trazer o mesmo p\u00fablico \u00e0 [&hellip;]<\/p>\n","protected":false},"author":1,"featured_media":0,"parent":0,"menu_order":0,"comment_status":"closed","ping_status":"closed","template":"","meta":[],"_links":{"self":[{"href":"https:\/\/solidariedarte.pt\/index.php\/wp-json\/wp\/v2\/pages\/15"}],"collection":[{"href":"https:\/\/solidariedarte.pt\/index.php\/wp-json\/wp\/v2\/pages"}],"about":[{"href":"https:\/\/solidariedarte.pt\/index.php\/wp-json\/wp\/v2\/types\/page"}],"author":[{"embeddable":true,"href":"https:\/\/solidariedarte.pt\/index.php\/wp-json\/wp\/v2\/users\/1"}],"replies":[{"embeddable":true,"href":"https:\/\/solidariedarte.pt\/index.php\/wp-json\/wp\/v2\/comments?post=15"}],"version-history":[{"count":1,"href":"https:\/\/solidariedarte.pt\/index.php\/wp-json\/wp\/v2\/pages\/15\/revisions"}],"predecessor-version":[{"id":16,"href":"https:\/\/solidariedarte.pt\/index.php\/wp-json\/wp\/v2\/pages\/15\/revisions\/16"}],"wp:attachment":[{"href":"https:\/\/solidariedarte.pt\/index.php\/wp-json\/wp\/v2\/media?parent=15"}],"curies":[{"name":"wp","href":"https:\/\/api.w.org\/{rel}","templated":true}]}}