{"id":171,"date":"2021-07-06T15:57:59","date_gmt":"2021-07-06T15:57:59","guid":{"rendered":"http:\/\/solidariedarte.pt\/?page_id=171"},"modified":"2021-07-06T15:57:59","modified_gmt":"2021-07-06T15:57:59","slug":"dignificarte","status":"publish","type":"page","link":"https:\/\/solidariedarte.pt\/index.php\/dignificarte\/","title":{"rendered":"Dignific\u2019arte"},"content":{"rendered":"<p>Este projecto visa desenvolver ac\u00e7\u00f5es de promo\u00e7\u00e3o da sa\u00fade em geral e preven\u00e7\u00e3o de comportamentos de risco espec\u00edficos, bem como sensibilizar para o direito \u00e0 dignidade humana como exerc\u00edcio de cidadania e, por outro lado, contribuir para o pleno exerc\u00edcio da cidadania e para a garantia do respeito pela liberdade, igualdade, toler\u00e2ncia e equidade social individual e colectiva.<\/p>\n","protected":false},"excerpt":{"rendered":"<p>Este projecto visa desenvolver ac\u00e7\u00f5es de promo\u00e7\u00e3o da sa\u00fade em geral e preven\u00e7\u00e3o de comportamentos de risco espec\u00edficos, bem como sensibilizar para o direito \u00e0 dignidade humana como exerc\u00edcio de cidadania e, por outro lado, contribuir para o pleno exerc\u00edcio da cidadania e para a garantia do respeito pela liberdade, igualdade, toler\u00e2ncia e equidade social [&hellip;]<\/p>\n","protected":false},"author":1,"featured_media":0,"parent":0,"menu_order":0,"comment_status":"closed","ping_status":"closed","template":"","meta":[],"_links":{"self":[{"href":"https:\/\/solidariedarte.pt\/index.php\/wp-json\/wp\/v2\/pages\/171"}],"collection":[{"href":"https:\/\/solidariedarte.pt\/index.php\/wp-json\/wp\/v2\/pages"}],"about":[{"href":"https:\/\/solidariedarte.pt\/index.php\/wp-json\/wp\/v2\/types\/page"}],"author":[{"embeddable":true,"href":"https:\/\/solidariedarte.pt\/index.php\/wp-json\/wp\/v2\/users\/1"}],"replies":[{"embeddable":true,"href":"https:\/\/solidariedarte.pt\/index.php\/wp-json\/wp\/v2\/comments?post=171"}],"version-history":[{"count":1,"href":"https:\/\/solidariedarte.pt\/index.php\/wp-json\/wp\/v2\/pages\/171\/revisions"}],"predecessor-version":[{"id":172,"href":"https:\/\/solidariedarte.pt\/index.php\/wp-json\/wp\/v2\/pages\/171\/revisions\/172"}],"wp:attachment":[{"href":"https:\/\/solidariedarte.pt\/index.php\/wp-json\/wp\/v2\/media?parent=171"}],"curies":[{"name":"wp","href":"https:\/\/api.w.org\/{rel}","templated":true}]}}