{"id":203,"date":"2021-07-06T16:11:16","date_gmt":"2021-07-06T16:11:16","guid":{"rendered":"http:\/\/solidariedarte.pt\/?page_id=203"},"modified":"2021-07-06T16:11:16","modified_gmt":"2021-07-06T16:11:16","slug":"youth-exchange-disconnect-to-connect","status":"publish","type":"page","link":"https:\/\/solidariedarte.pt\/index.php\/youth-exchange-disconnect-to-connect\/","title":{"rendered":"Youth Exchange \u201cDisconnect to Connect\u201d"},"content":{"rendered":"<p>A Solidaried\u2019arte participou entre 5 e 14 de mar\u00e7o no Interc\u00e2mbio de Juventude\/Youth Exchange \u201cDisconnect to Connect\u201d, no \u00e2mbito do programa Erasmus +.<\/p>\n<p>Quatro jovens de S\u00e3o Miguel e uma l\u00edder de equipa viajaram at\u00e9 \u00e0 Dinamarca, onde durante 9 dias, em conjunto com um grupo de 30 jovens provenientes da Alb\u00e2nia, Dinamarca, S\u00e9rvia, Maced\u00f3nia e Ucr\u00e2nia, refletiram sobre o uso das plataformas digitais de forma respons\u00e1vel e civicamente ativa.<\/p>\n<p>A participa\u00e7\u00e3o neste projeto Erasmus +, organizado pela Ways, contribuiu de forma relevante para o desenvolvimento de compet\u00eancias formais e n\u00e3o formais dos jovens participantes, contribuindo assim para o enriquecimento curricular e pessoal.<\/p>\n<p>Os resultados obtidos, refletem o compromisso e empenho deste grupo de jovens.<\/p>\n<p>Segue os links e fica a conhecer um pouco do que se fez em \u201cDisconnect to Connect\u201d!<\/p>\n<p><a href=\"https:\/\/positivityplusallerod.wordpress.com\/mental-health-and-mental-hygiene\/?fbclid=IwAR2F4el2NB4GHQHv1D_jQ4ck8_LwtnRKPD1-GDW7WSFoIavAi3kXCroetCA\"><strong>Positivityplus Webpage<\/strong><\/a> &#8211;<\/p>\n<p><a href=\"https:\/\/www.youtube.com\/watch?v=nDhr_cml-lo&amp;t=12s&amp;fbclid=IwAR34FwGGmuU4JoTv48z_JLnV6cBnzw7kHqaa9HHlqzrcVse3xxhc0iQuV5c\"><strong>Disconnect to Connect Best Moments<\/strong><\/a><\/p>\n<p><a href=\"https:\/\/www.youtube.com\/watch?v=nDhr_cml-lo&amp;t=12s&amp;fbclid=IwAR34FwGGmuU4JoTv48z_JLnV6cBnzw7kHqaa9HHlqzrcVse3xxhc0iQuV5c\"><strong>9 Tips for Mental Health and Mental Hygiene<\/strong><\/a><\/p>\n<p><a href=\"https:\/\/www.facebook.com\/Positivity-Plus-406192779948891\/?ref=gs&amp;__tn__=%2CdK-R-R&amp;eid=ARC1pgIetVLEF38-PS4TR6QkJqvM4m6TyVSzg7kSIDmfOXLJglM1dpZVxxyw768cOJsYNpJp1zcX87nq&amp;fref=gs&amp;dti=1852721948170299&amp;hc_location=group\"><strong>PositivityPlus Facebook Page<\/strong><\/a><\/p>\n<p>&nbsp;<\/p>\n<p><img loading=\"lazy\" class=\"alignleft size-full wp-image-204\" src=\"https:\/\/solidariedarte.pt\/wp-content\/uploads\/2021\/07\/1-10.jpg\" alt=\"\" width=\"960\" height=\"640\" srcset=\"https:\/\/solidariedarte.pt\/wp-content\/uploads\/2021\/07\/1-10.jpg 960w, https:\/\/solidariedarte.pt\/wp-content\/uploads\/2021\/07\/1-10-300x200.jpg 300w, https:\/\/solidariedarte.pt\/wp-content\/uploads\/2021\/07\/1-10-768x512.jpg 768w\" sizes=\"(max-width: 960px) 100vw, 960px\" \/><\/p>\n","protected":false},"excerpt":{"rendered":"<p>A Solidaried\u2019arte participou entre 5 e 14 de mar\u00e7o no Interc\u00e2mbio de Juventude\/Youth Exchange \u201cDisconnect to Connect\u201d, no \u00e2mbito do programa Erasmus +. Quatro jovens de S\u00e3o Miguel e uma l\u00edder de equipa viajaram at\u00e9 \u00e0 Dinamarca, onde durante 9 dias, em conjunto com um grupo de 30 jovens provenientes da Alb\u00e2nia, Dinamarca, S\u00e9rvia, Maced\u00f3nia [&hellip;]<\/p>\n","protected":false},"author":1,"featured_media":0,"parent":0,"menu_order":0,"comment_status":"closed","ping_status":"closed","template":"","meta":[],"_links":{"self":[{"href":"https:\/\/solidariedarte.pt\/index.php\/wp-json\/wp\/v2\/pages\/203"}],"collection":[{"href":"https:\/\/solidariedarte.pt\/index.php\/wp-json\/wp\/v2\/pages"}],"about":[{"href":"https:\/\/solidariedarte.pt\/index.php\/wp-json\/wp\/v2\/types\/page"}],"author":[{"embeddable":true,"href":"https:\/\/solidariedarte.pt\/index.php\/wp-json\/wp\/v2\/users\/1"}],"replies":[{"embeddable":true,"href":"https:\/\/solidariedarte.pt\/index.php\/wp-json\/wp\/v2\/comments?post=203"}],"version-history":[{"count":1,"href":"https:\/\/solidariedarte.pt\/index.php\/wp-json\/wp\/v2\/pages\/203\/revisions"}],"predecessor-version":[{"id":205,"href":"https:\/\/solidariedarte.pt\/index.php\/wp-json\/wp\/v2\/pages\/203\/revisions\/205"}],"wp:attachment":[{"href":"https:\/\/solidariedarte.pt\/index.php\/wp-json\/wp\/v2\/media?parent=203"}],"curies":[{"name":"wp","href":"https:\/\/api.w.org\/{rel}","templated":true}]}}