{"id":45,"date":"2021-07-01T12:00:09","date_gmt":"2021-07-01T12:00:09","guid":{"rendered":"http:\/\/solidariedarte.pt\/?page_id=45"},"modified":"2021-07-01T12:00:09","modified_gmt":"2021-07-01T12:00:09","slug":"teatro","status":"publish","type":"page","link":"https:\/\/solidariedarte.pt\/index.php\/teatro\/","title":{"rendered":"Teatro"},"content":{"rendered":"<p>O grupo de teatro residente e permanente da Solidaried\u2019arte denomina-se Et Cena e tem como objectivos:<\/p>\n<p>a) desenvolver e apresentar publicamente teatro cl\u00e1ssico e\/ou tradicional; teatro infantil; teatro educativo e teatro de interven\u00e7\u00e3o;<\/p>\n<p>b) ser ve\u00edculo de cultura junto da popula\u00e7\u00e3o em geral e agente ativo de inclus\u00e3o social atrav\u00e9s da Arte e Cultura;<\/p>\n<p>c) sensibilizar a popula\u00e7\u00e3o para problemas sociais;<\/p>\n<p>d) contribuir ativamente para o mapa cultural da Regi\u00e3o;<\/p>\n<p>e) promover as ac\u00e7\u00f5es desenvolvidas nas \u00e1reas de atua\u00e7\u00e3o do Centro de Artes e Cultura para a Inser\u00e7\u00e3o<\/p>\n<p>Este grupo j\u00e1 levou \u00e0 cena diversas pe\u00e7as originais e adapta\u00e7\u00f5es, onde se destacam:<br \/>\n\u2022 Batata com Pimenta na Racha;<br \/>\n\u2022 O Pr\u00edncipe com Orelhas de Burro;<br \/>\n\u2022 Rasga o Passado;<br \/>\n\u2022 Um Cad\u00e1ver na Despensa;<br \/>\n\u2022 As Ilud\u00eancias Aparudem.<\/p>\n<p><img loading=\"lazy\" class=\"alignnone size-full wp-image-46 aligncenter\" src=\"https:\/\/solidariedarte.pt\/wp-content\/uploads\/2021\/07\/1.jpg\" alt=\"\" width=\"150\" height=\"150\" \/> <img loading=\"lazy\" class=\"alignnone size-medium wp-image-47 aligncenter\" src=\"https:\/\/solidariedarte.pt\/wp-content\/uploads\/2021\/07\/2-1.jpg\" alt=\"\" width=\"150\" height=\"150\" \/><\/p>\n","protected":false},"excerpt":{"rendered":"<p>O grupo de teatro residente e permanente da Solidaried\u2019arte denomina-se Et Cena e tem como objectivos: a) desenvolver e apresentar publicamente teatro cl\u00e1ssico e\/ou tradicional; teatro infantil; teatro educativo e teatro de interven\u00e7\u00e3o; b) ser ve\u00edculo de cultura junto da popula\u00e7\u00e3o em geral e agente ativo de inclus\u00e3o social atrav\u00e9s da Arte e Cultura; c) [&hellip;]<\/p>\n","protected":false},"author":1,"featured_media":0,"parent":0,"menu_order":0,"comment_status":"closed","ping_status":"closed","template":"","meta":[],"_links":{"self":[{"href":"https:\/\/solidariedarte.pt\/index.php\/wp-json\/wp\/v2\/pages\/45"}],"collection":[{"href":"https:\/\/solidariedarte.pt\/index.php\/wp-json\/wp\/v2\/pages"}],"about":[{"href":"https:\/\/solidariedarte.pt\/index.php\/wp-json\/wp\/v2\/types\/page"}],"author":[{"embeddable":true,"href":"https:\/\/solidariedarte.pt\/index.php\/wp-json\/wp\/v2\/users\/1"}],"replies":[{"embeddable":true,"href":"https:\/\/solidariedarte.pt\/index.php\/wp-json\/wp\/v2\/comments?post=45"}],"version-history":[{"count":1,"href":"https:\/\/solidariedarte.pt\/index.php\/wp-json\/wp\/v2\/pages\/45\/revisions"}],"predecessor-version":[{"id":48,"href":"https:\/\/solidariedarte.pt\/index.php\/wp-json\/wp\/v2\/pages\/45\/revisions\/48"}],"wp:attachment":[{"href":"https:\/\/solidariedarte.pt\/index.php\/wp-json\/wp\/v2\/media?parent=45"}],"curies":[{"name":"wp","href":"https:\/\/api.w.org\/{rel}","templated":true}]}}