{"id":62,"date":"2021-07-01T12:08:13","date_gmt":"2021-07-01T12:08:13","guid":{"rendered":"http:\/\/solidariedarte.pt\/?page_id=62"},"modified":"2021-07-01T12:08:13","modified_gmt":"2021-07-01T12:08:13","slug":"companhia-dos-tarecos","status":"publish","type":"page","link":"https:\/\/solidariedarte.pt\/index.php\/companhia-dos-tarecos\/","title":{"rendered":"Companhia dos Tarecos"},"content":{"rendered":"<p>Os objectivos deste projecto s\u00e3o promover um espa\u00e7o onde se possam desenvolver e adquirir conhecimentos nas \u00e1reas das artes performativas, nomeadamente na utiliza\u00e7\u00e3o de fantoches e marionetas, conhecer, experimentar e dominar t\u00e9cnicas de constru\u00e7\u00e3o e manipula\u00e7\u00e3o de marionetas; desenvolver o sentido est\u00e9tico e a capacidade art\u00edstica; promover e organizar apresenta\u00e7\u00f5es p\u00fablicas e semi-p\u00fablicas para a divulga\u00e7\u00e3o, apresenta\u00e7\u00e3o e valoriza\u00e7\u00e3o dos trabalhos realizados; criar um grupo de teatro de marionetas e fantoches cujo objectivo seja educativo.<\/p>\n<p><img loading=\"lazy\" class=\"alignnone size-full wp-image-63 aligncenter\" src=\"https:\/\/solidariedarte.pt\/wp-content\/uploads\/2021\/07\/1-2.jpg\" alt=\"\" width=\"150\" height=\"150\" \/> <img loading=\"lazy\" class=\"alignnone size-medium wp-image-64 aligncenter\" src=\"https:\/\/solidariedarte.pt\/wp-content\/uploads\/2021\/07\/2-3.jpg\" alt=\"\" width=\"150\" height=\"150\" \/> <img loading=\"lazy\" class=\"alignnone size-medium wp-image-65 aligncenter\" src=\"https:\/\/solidariedarte.pt\/wp-content\/uploads\/2021\/07\/3-1.jpg\" alt=\"\" width=\"150\" height=\"150\" \/><\/p>\n","protected":false},"excerpt":{"rendered":"<p>Os objectivos deste projecto s\u00e3o promover um espa\u00e7o onde se possam desenvolver e adquirir conhecimentos nas \u00e1reas das artes performativas, nomeadamente na utiliza\u00e7\u00e3o de fantoches e marionetas, conhecer, experimentar e dominar t\u00e9cnicas de constru\u00e7\u00e3o e manipula\u00e7\u00e3o de marionetas; desenvolver o sentido est\u00e9tico e a capacidade art\u00edstica; promover e organizar apresenta\u00e7\u00f5es p\u00fablicas e semi-p\u00fablicas para a [&hellip;]<\/p>\n","protected":false},"author":1,"featured_media":0,"parent":0,"menu_order":0,"comment_status":"closed","ping_status":"closed","template":"","meta":[],"_links":{"self":[{"href":"https:\/\/solidariedarte.pt\/index.php\/wp-json\/wp\/v2\/pages\/62"}],"collection":[{"href":"https:\/\/solidariedarte.pt\/index.php\/wp-json\/wp\/v2\/pages"}],"about":[{"href":"https:\/\/solidariedarte.pt\/index.php\/wp-json\/wp\/v2\/types\/page"}],"author":[{"embeddable":true,"href":"https:\/\/solidariedarte.pt\/index.php\/wp-json\/wp\/v2\/users\/1"}],"replies":[{"embeddable":true,"href":"https:\/\/solidariedarte.pt\/index.php\/wp-json\/wp\/v2\/comments?post=62"}],"version-history":[{"count":1,"href":"https:\/\/solidariedarte.pt\/index.php\/wp-json\/wp\/v2\/pages\/62\/revisions"}],"predecessor-version":[{"id":66,"href":"https:\/\/solidariedarte.pt\/index.php\/wp-json\/wp\/v2\/pages\/62\/revisions\/66"}],"wp:attachment":[{"href":"https:\/\/solidariedarte.pt\/index.php\/wp-json\/wp\/v2\/media?parent=62"}],"curies":[{"name":"wp","href":"https:\/\/api.w.org\/{rel}","templated":true}]}}